{"id":2718,"date":"2019-06-07T02:12:35","date_gmt":"2019-06-07T02:12:35","guid":{"rendered":"https:\/\/asianslave.biz\/g\/?page_id=2718"},"modified":"2025-07-10T19:38:27","modified_gmt":"2025-07-10T09:38:27","slug":"home","status":"publish","type":"page","link":"https:\/\/asianslave.biz\/g\/","title":{"rendered":"Asian Slave Club"},"content":{"rendered":"\t\t<div data-elementor-type=\"wp-post\" data-elementor-id=\"2718\" class=\"elementor elementor-2718\" data-elementor-post-type=\"page\">\n\t\t\t\t\t\t<section class=\"elementor-section elementor-top-section elementor-element elementor-element-bc303b0 elementor-section-boxed elementor-section-height-default elementor-section-height-default\" data-id=\"bc303b0\" data-element_type=\"section\" data-e-type=\"section\">\n\t\t\t\t\t\t<div class=\"elementor-container elementor-column-gap-default\">\n\t\t\t\t\t<div class=\"elementor-column elementor-col-100 elementor-top-column elementor-element elementor-element-ff1de56\" data-id=\"ff1de56\" data-element_type=\"column\" data-e-type=\"column\">\n\t\t\t<div class=\"elementor-widget-wrap elementor-element-populated\">\n\t\t\t\t\t\t<div class=\"elementor-element elementor-element-14e06aa elementor-widget elementor-widget-text-editor\" data-id=\"14e06aa\" data-element_type=\"widget\" data-e-type=\"widget\" data-widget_type=\"text-editor.default\">\n\t\t\t\t<div class=\"elementor-widget-container\">\n\t\t\t\t\t\t\t\t\t<p>Asian Slave Club als Gesch\u00e4ftssparte der Luxury Holidays Group bietet seit der Gr\u00fcndung 1973 Sexsklavinnen und BDSM Dienstleistungen von h\u00f6chster Qualit\u00e4t. Unsere Agentur hat sich in Jahrzehnten h\u00f6chste Anerkennung seiner Kunden erworben bei der Zurverf\u00fcgungstellung unterw\u00fcrfiger Begleiterinnen aller Nationalit\u00e4ten. Als Ergebnis unserer permanenten Bem\u00fchungen k\u00f6nnen wir auf eine beachtliche Zahl an Stammkunden bauen die unsere Qualit\u00e4t bereits zu sch\u00e4tzen gelernt haben. Wir sind besonders Stolz auf die Tatsache dass zahlreiche unserer Kunden ihre Lebenspartnerinnen und Ehefrauen unter unserer Begleiterinnen gefunden haben.<\/p><p>Unsere Kunden suchen das Erlebnis einer besonderen Begleitservice und nicht nur eine kurze SM-Session. Unser Angebot umfasst Meetings von einem Tag bis zu einem Jahr mit der oder den gew\u00fcnschten Sklavin oder Sklavinnen. Die Zeitumf\u00e4nge unserer Sklavinnen sind individuell. Unsere Escortdamen schl\u00fcpfen in die Rolle von Sexsklavinnen, werden aber nat\u00fcrlich nicht tats\u00e4chlich \u201cEigentum\u201d ihrer zeitweiligen Herren. Einige von ihnen sind flexibel und koennen sowohl als Dominas als auch als Sklavinnen dienen, was sie z. B. f\u00fcr Haremsspiele pr\u00e4destiniert.<\/p><p>Die Sado-Maso-Kultur hat eine lange und reiche Geschichte in Asien, vor allem in L\u00e4ndern wie China, Japan und Korea. Die Rolle der Frauen reichte von einer stillen und untergeordneten Gesellschafterin bis zur Sklavin der Fantasie die alle sexuellen W\u00fcnsche und Tr\u00e4ume erf\u00fcllt. Dies hat auch die selbstbestimmte Entwicklung von devoten Frauen erleichtert, es ich auch heute ein Lebensweg wozu sich viele Frauen bekennen. Selbst in der heutigen modernen Gesellschaft sind viele gut ausgebildete Frauen willig und dazu erzogen, gehorsam und anmutig zu sein und die W\u00fcnsche ihrer Partner oder Meister zu erf\u00fcllen.<\/p><p>Zugeschnitten auf Ihren Geschmack, Ihre W\u00fcnsche und Bed\u00fcrfnisse bietet Asian Slave Club sicher auch f\u00fcr Sie eine Sklavin, die Ihre Tr\u00e4ume erf\u00fcllen kann. Unsere Sklavinnen sind typischweise chinesische, japanische, koreanische und indonesische Frauen, die unterw\u00fcrfig veranlagt und bereit sind, BDSM-Dienstleistungen auf h\u00f6chstem Niveau anzubieten.<\/p><p>Alle Sklavinnen sind gut ausgebildet und sprechen sehr gut Englisch. Unsere Begleitpersonen sind Studenten, Krankenschwestern, Modelle, oder haben andere zivile Karrieren, aber keine von ihnen ist eine professionelle Sexarbeiterin. Dies gew\u00e4hrleistet Ihnen frische und unverbrauchte Sklavinnen. Da sie nicht m\u00fcde, gelangweilt oder \u00fcberlastet sind, leisten unsere Sklavinnen den bestm\u00f6glichen Dienst f\u00fcr ihre zeitweiligen Herren \u2013 mit h\u00f6chster Begeisterung und Motivation.<\/p><p>Unsere Sklavinnen bereisen die Welt f\u00fcr Ihre Herren. Durch unsere Erfahrung und Struktur bieten wir bereits in vielen Weltregionen lokal stationierte, kurzfristig verf\u00fcgbare Sklavinnen an.<\/p><p>Ein unterw\u00fcrfiger Partner muss auch optisch Ihren W\u00fcnschen entsprechen. Nat\u00fcrlich stellen wir auch Bilder der jeweiligen Dame zur Verf\u00fcgung, Asian Slave Club ist jedoch bem\u00fcht zu gew\u00e4hrleisten, dass das von Ihnen gew\u00fcnschte \u201cSpiel\u201d auch der Veranlagung der Sklavin entspricht, und sie dazu bereit ist. Unsere Dienstleistungen sind ganz auf Ihre Bed\u00fcrfnisse zugeschnitten und Sie k\u00f6nnen versichert sein, dass Ihre Sklavin von angenehmem Wesen, freundlich, h\u00f6flich und (meist) gehorsam und unterw\u00fcrfig ist. Wir sind bem\u00fcht alles zu unternehmen um sicherzustellen, dass Sie zufrieden sind, von der ersten Kontaktaufnahme bis zu dem Moment wenn Ihre Begleitung Sie wieder verl\u00e4sst.<\/p><p>Wir k\u00f6nnen Ihnen (allerdings nur in Sydney) ein reichhaltiges Sortiment an erotischem Spielzeug und SM Ausr\u00fcstungen zur Verf\u00fcgung stellen. Egal ob es sich um Fesselung, Schlaginstrumente aller Art, Augenbinden oder sonstige Dem\u00fctigungen handelt, reden Sie mit uns, wir sind jederzeit bereit zu helfen. Egal ob Sie ein Fan von franz\u00f6sischen oder griechischen Spielen sind, den Anblick von gefesselten oder kost\u00fcmierten Sklavinnen lieben, wir behandeln alle Fragen mit Respekt und Interesse und werden unser Bestes tun, um sicherzustellen dass die Begegnung mit unseren Damen f\u00fcr Sie zu einem in jeder Hinsicht befriedigenden Erlebnis wird.<\/p><p>Asian Slave Club offeriert BDSM Dienstleistungen unterschiedlicher Intensit\u00e4t. Beachten Sie die Sicherheitshinweise (Abbruch-Code etc.) f\u00fcr SM-Spiele um Verletzungen zu vermeiden. Kunden welche einen extrtem harten Gangart bevorzugen sind bei uns leider an der falschen Adresse. Bitte beachten sie, dass die von Ihnen gebuchte Dame von Asian Slave Club, unabh\u00e4ngig von der Buchungsdauer, in jedem Fall eine \u201cRollenspiel\u201d-Sklavin ist, also keine echte Sklavin im engen Sinn des Wortes.<\/p>\t\t\t\t\t\t\t\t<\/div>\n\t\t\t\t<\/div>\n\t\t\t\t\t<\/div>\n\t\t<\/div>\n\t\t\t\t\t<\/div>\n\t\t<\/section>\n\t\t\t\t<section class=\"elementor-section elementor-top-section elementor-element elementor-element-cc9180c elementor-section-boxed elementor-section-height-default elementor-section-height-default\" data-id=\"cc9180c\" data-element_type=\"section\" data-e-type=\"section\">\n\t\t\t\t\t\t<div class=\"elementor-container elementor-column-gap-default\">\n\t\t\t\t\t<div class=\"elementor-column elementor-col-100 elementor-top-column elementor-element elementor-element-3e63116\" data-id=\"3e63116\" data-element_type=\"column\" data-e-type=\"column\">\n\t\t\t<div class=\"elementor-widget-wrap elementor-element-populated\">\n\t\t\t\t\t\t<div class=\"elementor-element elementor-element-f26c0ed elementor-widget-divider--view-line elementor-widget elementor-widget-divider\" data-id=\"f26c0ed\" data-element_type=\"widget\" data-e-type=\"widget\" data-widget_type=\"divider.default\">\n\t\t\t\t<div class=\"elementor-widget-container\">\n\t\t\t\t\t\t\t<div class=\"elementor-divider\">\n\t\t\t<span class=\"elementor-divider-separator\">\n\t\t\t\t\t\t<\/span>\n\t\t<\/div>\n\t\t\t\t\t\t<\/div>\n\t\t\t\t<\/div>\n\t\t\t\t\t<\/div>\n\t\t<\/div>\n\t\t\t\t\t<\/div>\n\t\t<\/section>\n\t\t\t\t<section class=\"elementor-section elementor-top-section elementor-element elementor-element-ef7e25d elementor-section-boxed elementor-section-height-default elementor-section-height-default\" data-id=\"ef7e25d\" data-element_type=\"section\" data-e-type=\"section\">\n\t\t\t\t\t\t<div class=\"elementor-container elementor-column-gap-default\">\n\t\t\t\t\t<div class=\"elementor-column elementor-col-100 elementor-top-column elementor-element elementor-element-0b1030f\" data-id=\"0b1030f\" data-element_type=\"column\" data-e-type=\"column\">\n\t\t\t<div class=\"elementor-widget-wrap elementor-element-populated\">\n\t\t\t\t\t\t<div class=\"elementor-element elementor-element-a8f29f6 elementor-widget elementor-widget-spacer\" data-id=\"a8f29f6\" data-element_type=\"widget\" data-e-type=\"widget\" data-widget_type=\"spacer.default\">\n\t\t\t\t<div class=\"elementor-widget-container\">\n\t\t\t\t\t\t\t<div class=\"elementor-spacer\">\n\t\t\t<div class=\"elementor-spacer-inner\"><\/div>\n\t\t<\/div>\n\t\t\t\t\t\t<\/div>\n\t\t\t\t<\/div>\n\t\t\t\t\t<\/div>\n\t\t<\/div>\n\t\t\t\t\t<\/div>\n\t\t<\/section>\n\t\t\t\t<section class=\"elementor-section elementor-top-section elementor-element elementor-element-b57825f elementor-section-boxed elementor-section-height-default elementor-section-height-default\" data-id=\"b57825f\" data-element_type=\"section\" data-e-type=\"section\">\n\t\t\t\t\t\t<div class=\"elementor-container elementor-column-gap-default\">\n\t\t\t\t\t<div class=\"elementor-column elementor-col-100 elementor-top-column elementor-element elementor-element-e60bad5\" data-id=\"e60bad5\" data-element_type=\"column\" data-e-type=\"column\">\n\t\t\t<div class=\"elementor-widget-wrap elementor-element-populated\">\n\t\t\t\t\t\t<div class=\"elementor-element elementor-element-431777f elementor-widget elementor-widget-image\" data-id=\"431777f\" data-element_type=\"widget\" data-e-type=\"widget\" data-widget_type=\"image.default\">\n\t\t\t\t<div class=\"elementor-widget-container\">\n\t\t\t\t\t\t\t\t\t\t\t\t\t\t\t<img fetchpriority=\"high\" decoding=\"async\" width=\"476\" height=\"700\" src=\"https:\/\/asianslave.biz\/g\/wp-content\/uploads\/sites\/5\/2021\/01\/submissive-bdsm-escorts.jpg\" class=\"attachment-full size-full wp-image-14357\" alt=\"submissive, bdsm, escort\" srcset=\"https:\/\/asianslave.biz\/g\/wp-content\/uploads\/sites\/5\/2021\/01\/submissive-bdsm-escorts.jpg 476w, https:\/\/asianslave.biz\/g\/wp-content\/uploads\/sites\/5\/2021\/01\/submissive-bdsm-escorts-204x300.jpg 204w\" sizes=\"(max-width: 476px) 100vw, 476px\" \/>\t\t\t\t\t\t\t\t\t\t\t\t\t\t\t<\/div>\n\t\t\t\t<\/div>\n\t\t\t\t\t<\/div>\n\t\t<\/div>\n\t\t\t\t\t<\/div>\n\t\t<\/section>\n\t\t\t\t<section class=\"elementor-section elementor-top-section elementor-element elementor-element-05d1b3b elementor-section-boxed elementor-section-height-default elementor-section-height-default\" data-id=\"05d1b3b\" data-element_type=\"section\" data-e-type=\"section\">\n\t\t\t\t\t\t<div class=\"elementor-container elementor-column-gap-default\">\n\t\t\t\t\t<div class=\"elementor-column elementor-col-100 elementor-top-column elementor-element elementor-element-16dce89\" data-id=\"16dce89\" data-element_type=\"column\" data-e-type=\"column\">\n\t\t\t<div class=\"elementor-widget-wrap elementor-element-populated\">\n\t\t\t\t\t\t<div class=\"elementor-element elementor-element-ab08365 elementor-widget elementor-widget-spacer\" data-id=\"ab08365\" data-element_type=\"widget\" data-e-type=\"widget\" data-widget_type=\"spacer.default\">\n\t\t\t\t<div class=\"elementor-widget-container\">\n\t\t\t\t\t\t\t<div class=\"elementor-spacer\">\n\t\t\t<div class=\"elementor-spacer-inner\"><\/div>\n\t\t<\/div>\n\t\t\t\t\t\t<\/div>\n\t\t\t\t<\/div>\n\t\t\t\t\t<\/div>\n\t\t<\/div>\n\t\t\t\t\t<\/div>\n\t\t<\/section>\n\t\t\t\t<\/div>\n\t\t","protected":false},"excerpt":{"rendered":"<p>Asian Slave Club als Gesch\u00e4ftssparte der Luxury Holidays Group bietet seit der Gr\u00fcndung 1973 Sexsklavinnen und BDSM Dienstleistungen von h\u00f6chster Qualit\u00e4t. Unsere Agentur hat sich in Jahrzehnten h\u00f6chste Anerkennung seiner Kunden erworben bei der Zurverf\u00fcgungstellung unterw\u00fcrfiger Begleiterinnen aller Nationalit\u00e4ten. Als Ergebnis unserer<\/p>\n<p class=\"link-more\"><a class=\"myButt three\" href=\"https:\/\/asianslave.biz\/g\/\">Read More<\/a><\/p>\n","protected":false},"author":1,"featured_media":0,"parent":0,"menu_order":0,"comment_status":"closed","ping_status":"closed","template":"","meta":{"footnotes":""},"class_list":["post-2718","page","type-page","status-publish","hentry"],"_links":{"self":[{"href":"https:\/\/asianslave.biz\/g\/wp-json\/wp\/v2\/pages\/2718","targetHints":{"allow":["GET"]}}],"collection":[{"href":"https:\/\/asianslave.biz\/g\/wp-json\/wp\/v2\/pages"}],"about":[{"href":"https:\/\/asianslave.biz\/g\/wp-json\/wp\/v2\/types\/page"}],"author":[{"embeddable":true,"href":"https:\/\/asianslave.biz\/g\/wp-json\/wp\/v2\/users\/1"}],"replies":[{"embeddable":true,"href":"https:\/\/asianslave.biz\/g\/wp-json\/wp\/v2\/comments?post=2718"}],"version-history":[{"count":236,"href":"https:\/\/asianslave.biz\/g\/wp-json\/wp\/v2\/pages\/2718\/revisions"}],"predecessor-version":[{"id":18086,"href":"https:\/\/asianslave.biz\/g\/wp-json\/wp\/v2\/pages\/2718\/revisions\/18086"}],"wp:attachment":[{"href":"https:\/\/asianslave.biz\/g\/wp-json\/wp\/v2\/media?parent=2718"}],"curies":[{"name":"wp","href":"https:\/\/api.w.org\/{rel}","templated":true}]}}