{"id":42485,"date":"2025-05-11T10:03:06","date_gmt":"2025-05-11T00:03:06","guid":{"rendered":"https:\/\/asianslave.biz\/e\/?page_id=42485"},"modified":"2025-05-11T10:49:04","modified_gmt":"2025-05-11T00:49:04","slug":"sm479-jespere-que-tu-me-trouveras","status":"publish","type":"page","link":"https:\/\/asianslave.biz\/e\/sm479-jespere-que-tu-me-trouveras\/","title":{"rendered":"SM479 &#8211; J\u2019esp\u00e8re que tu me trouveras"},"content":{"rendered":"\t\t<div data-elementor-type=\"wp-page\" data-elementor-id=\"42485\" class=\"elementor elementor-42485\" data-elementor-post-type=\"page\">\n\t\t\t\t<div class=\"elementor-element elementor-element-336a07fa e-flex e-con-boxed e-con e-parent\" data-id=\"336a07fa\" data-element_type=\"container\" data-e-type=\"container\">\n\t\t\t\t\t<div class=\"e-con-inner\">\n\t\t\t\t<div class=\"elementor-element elementor-element-fce8bc elementor-widget elementor-widget-image\" data-id=\"fce8bc\" data-element_type=\"widget\" data-e-type=\"widget\" data-widget_type=\"image.default\">\n\t\t\t\t<div class=\"elementor-widget-container\">\n\t\t\t\t\t\t\t\t\t\t\t\t\t\t\t<img fetchpriority=\"high\" decoding=\"async\" width=\"200\" height=\"300\" src=\"https:\/\/asianslave.biz\/e\/wp-content\/uploads\/sites\/6\/2022\/06\/sm479_sex_slave_paris_france.jpg\" class=\"attachment-full size-full wp-image-19278\" alt=\"bdsm, escort, paris, france\" \/>\t\t\t\t\t\t\t\t\t\t\t\t\t\t\t<\/div>\n\t\t\t\t<\/div>\n\t\t\t\t\t<\/div>\n\t\t\t\t<\/div>\n\t\t\t\t<section class=\"elementor-section elementor-top-section elementor-element elementor-element-481895f elementor-section-boxed elementor-section-height-default elementor-section-height-default\" data-id=\"481895f\" data-element_type=\"section\" data-e-type=\"section\">\n\t\t\t\t\t\t<div class=\"elementor-container elementor-column-gap-default\">\n\t\t\t\t\t<div class=\"elementor-column elementor-col-100 elementor-top-column elementor-element elementor-element-4b3d9160\" data-id=\"4b3d9160\" data-element_type=\"column\" data-e-type=\"column\">\n\t\t\t<div class=\"elementor-widget-wrap elementor-element-populated\">\n\t\t\t\t\t\t<div class=\"elementor-element elementor-element-71b6ea89 elementor-widget elementor-widget-text-editor\" data-id=\"71b6ea89\" data-element_type=\"widget\" data-e-type=\"widget\" data-widget_type=\"text-editor.default\">\n\t\t\t\t<div class=\"elementor-widget-container\">\n\t\t\t\t\t\t\t\t\t<section class=\"elementor-section elementor-top-section elementor-element elementor-element-4f14038 elementor-section-boxed elementor-section-height-default elementor-section-height-default\" data-id=\"4f14038\" data-element_type=\"section\"><div class=\"elementor-container elementor-column-gap-default\"><div class=\"elementor-row\"><div class=\"elementor-column elementor-col-100 elementor-top-column elementor-element elementor-element-c6e9148\" data-id=\"c6e9148\" data-element_type=\"column\"><div class=\"elementor-column-wrap elementor-element-populated\"><div class=\"elementor-widget-wrap\"><div class=\"elementor-element elementor-element-63d4130 elementor-widget elementor-widget-text-editor\" data-id=\"63d4130\" data-element_type=\"widget\" data-widget_type=\"text-editor.default\"><div class=\"elementor-widget-container\"><div class=\"elementor-text-editor elementor-clearfix\"><div>Coucou, vous m\u2019avez trouv\u00e9e.<\/div><div>J\u2019\u00e9tudie le design de mode ici \u00e0 Paris. Mon fran\u00e7ais n\u2019est pas encore tr\u00e8s bon, j\u2019ai termin\u00e9 ma licence dans une \u00e9cole anglophone, et je me pr\u00e9pare maintenant \u00e0 poursuivre en master. Je vais devoir travailler dur pour am\u00e9liorer mon fran\u00e7ais\u2026 afin de mieux vous conna\u00eetre.<\/div><div>J\u2019aime une vie simple et d\u00e9licate : \u00e9tudier, dessiner, lire un peu avant de dormir\u2026 c\u2019est tout mon univers.<\/div><div>Je suis assez sensible, je ressens les petites variations de temp\u00e9rature, les parfums des saisons, l\u2019atmosph\u00e8re des foules.<\/div><div>Je travaille avec s\u00e9rieux, mais je ne peux pas toujours \u00e9viter de me sentir seule.<\/div><div>Si vous le souhaitez, j\u2019aimerais partager avec vous le petit monde que je vois\u2026 et \u00eatre doucement choy\u00e9e par votre gentillesse.<\/div><\/div><\/div><\/div><\/div><\/div><\/div><\/div><\/div><\/section>\t\t\t\t\t\t\t\t<\/div>\n\t\t\t\t<\/div>\n\t\t\t\t\t<\/div>\n\t\t<\/div>\n\t\t\t\t\t<\/div>\n\t\t<\/section>\n\t\t\t\t<section class=\"elementor-section elementor-top-section elementor-element elementor-element-45d77556 elementor-section-boxed elementor-section-height-default elementor-section-height-default\" data-id=\"45d77556\" data-element_type=\"section\" data-e-type=\"section\">\n\t\t\t\t\t\t<div class=\"elementor-container elementor-column-gap-default\">\n\t\t\t\t\t<div class=\"elementor-column elementor-col-100 elementor-top-column elementor-element elementor-element-686cf987\" data-id=\"686cf987\" data-element_type=\"column\" data-e-type=\"column\">\n\t\t\t<div class=\"elementor-widget-wrap elementor-element-populated\">\n\t\t\t\t\t\t<div class=\"elementor-element elementor-element-6ad9f3c3 elementor-widget elementor-widget-spacer\" data-id=\"6ad9f3c3\" data-element_type=\"widget\" data-e-type=\"widget\" data-widget_type=\"spacer.default\">\n\t\t\t\t<div class=\"elementor-widget-container\">\n\t\t\t\t\t\t\t<div class=\"elementor-spacer\">\n\t\t\t<div class=\"elementor-spacer-inner\"><\/div>\n\t\t<\/div>\n\t\t\t\t\t\t<\/div>\n\t\t\t\t<\/div>\n\t\t\t\t\t<\/div>\n\t\t<\/div>\n\t\t\t\t\t<\/div>\n\t\t<\/section>\n\t\t\t\t<section class=\"elementor-section elementor-top-section elementor-element elementor-element-3843b858 elementor-section-boxed elementor-section-height-default elementor-section-height-default\" data-id=\"3843b858\" data-element_type=\"section\" data-e-type=\"section\">\n\t\t\t\t\t\t<div class=\"elementor-container elementor-column-gap-default\">\n\t\t\t\t\t<div class=\"elementor-column elementor-col-100 elementor-top-column elementor-element elementor-element-29e033ee\" data-id=\"29e033ee\" data-element_type=\"column\" data-e-type=\"column\">\n\t\t\t<div class=\"elementor-widget-wrap elementor-element-populated\">\n\t\t\t\t\t\t<div class=\"elementor-element elementor-element-3079b419 elementor-widget elementor-widget-image\" data-id=\"3079b419\" data-element_type=\"widget\" data-e-type=\"widget\" data-widget_type=\"image.default\">\n\t\t\t\t<div class=\"elementor-widget-container\">\n\t\t\t\t\t\t\t\t\t\t\t\t\t\t\t\t<a href=\"https:\/\/asianslave.biz\/e\/sm479-beautiful-submissive-lady-paris-france\/\">\n\t\t\t\t\t\t\t<img decoding=\"async\" width=\"90\" height=\"44\" src=\"https:\/\/asianslave.biz\/e\/wp-content\/uploads\/sites\/6\/2019\/06\/back-1.gif\" class=\"attachment-full size-full wp-image-803\" alt=\"\" \/>\t\t\t\t\t\t\t\t<\/a>\n\t\t\t\t\t\t\t\t\t\t\t\t\t\t\t<\/div>\n\t\t\t\t<\/div>\n\t\t\t\t\t<\/div>\n\t\t<\/div>\n\t\t\t\t\t<\/div>\n\t\t<\/section>\n\t\t\t\t<section class=\"elementor-section elementor-top-section elementor-element elementor-element-1d501ca8 elementor-section-boxed elementor-section-height-default elementor-section-height-default\" data-id=\"1d501ca8\" data-element_type=\"section\" data-e-type=\"section\">\n\t\t\t\t\t\t<div class=\"elementor-container elementor-column-gap-default\">\n\t\t\t\t\t<div class=\"elementor-column elementor-col-100 elementor-top-column elementor-element elementor-element-66685156\" data-id=\"66685156\" data-element_type=\"column\" data-e-type=\"column\">\n\t\t\t<div class=\"elementor-widget-wrap elementor-element-populated\">\n\t\t\t\t\t\t<div class=\"elementor-element elementor-element-652dff3a elementor-widget elementor-widget-spacer\" data-id=\"652dff3a\" data-element_type=\"widget\" data-e-type=\"widget\" data-widget_type=\"spacer.default\">\n\t\t\t\t<div class=\"elementor-widget-container\">\n\t\t\t\t\t\t\t<div class=\"elementor-spacer\">\n\t\t\t<div class=\"elementor-spacer-inner\"><\/div>\n\t\t<\/div>\n\t\t\t\t\t\t<\/div>\n\t\t\t\t<\/div>\n\t\t\t\t\t<\/div>\n\t\t<\/div>\n\t\t\t\t\t<\/div>\n\t\t<\/section>\n\t\t\t\t<\/div>\n\t\t","protected":false},"excerpt":{"rendered":"<p>Coucou, vous m\u2019avez trouv\u00e9e.J\u2019\u00e9tudie le design de mode ici \u00e0 Paris. Mon fran\u00e7ais n\u2019est pas encore tr\u00e8s bon, j\u2019ai termin\u00e9 ma licence dans une \u00e9cole anglophone, et je me pr\u00e9pare maintenant \u00e0 poursuivre en master. Je vais devoir travailler dur pour am\u00e9liorer<\/p>\n<p class=\"link-more\"><a class=\"myButt three\" href=\"https:\/\/asianslave.biz\/e\/sm479-jespere-que-tu-me-trouveras\/\">Read More<\/a><\/p>\n","protected":false},"author":1,"featured_media":0,"parent":0,"menu_order":0,"comment_status":"closed","ping_status":"closed","template":"","meta":{"footnotes":""},"class_list":["post-42485","page","type-page","status-publish","hentry"],"_links":{"self":[{"href":"https:\/\/asianslave.biz\/e\/wp-json\/wp\/v2\/pages\/42485","targetHints":{"allow":["GET"]}}],"collection":[{"href":"https:\/\/asianslave.biz\/e\/wp-json\/wp\/v2\/pages"}],"about":[{"href":"https:\/\/asianslave.biz\/e\/wp-json\/wp\/v2\/types\/page"}],"author":[{"embeddable":true,"href":"https:\/\/asianslave.biz\/e\/wp-json\/wp\/v2\/users\/1"}],"replies":[{"embeddable":true,"href":"https:\/\/asianslave.biz\/e\/wp-json\/wp\/v2\/comments?post=42485"}],"version-history":[{"count":14,"href":"https:\/\/asianslave.biz\/e\/wp-json\/wp\/v2\/pages\/42485\/revisions"}],"predecessor-version":[{"id":42517,"href":"https:\/\/asianslave.biz\/e\/wp-json\/wp\/v2\/pages\/42485\/revisions\/42517"}],"wp:attachment":[{"href":"https:\/\/asianslave.biz\/e\/wp-json\/wp\/v2\/media?parent=42485"}],"curies":[{"name":"wp","href":"https:\/\/api.w.org\/{rel}","templated":true}]}}